-320130301?
-320123322
In base 15, what is -8c22 + 2ab?
-8966
In base 5, what is -32424 + -12244014?
-12331443
In base 4, what is 2023023 + 2022?
2031111
In base 16, what is -1 - 240ce0?
-240ce1
In base 2, what is -10001111010110010 - -111101?
-10001111001110101
In base 11, what is 7 - 141000a0?
-14100094
In base 6, what is -41222423050 - 4?
-41222423054
In base 7, what is 14411636 - -154?
14412123
In base 4, what is 1100332 - -102?
1101100
In base 15, what is -18 + 2039d?
20385
In base 13, what is -86 + -2b960?
-2ba16
In base 2, what is 10000010110010000010110 + -100?
10000010110010000010010
In base 6, what is 2 - -13351412545?
13351412551
In base 10, what is -18295382 - 3?
-18295385
In base 2, what is -11101010100110 - -1110001?
-11101000110101
In base 13, what is 29139026 - 3?
29139023
In base 12, what is -453 - -251a4?
24951
In base 10, what is -10283 - -31946?
21663
In base 10, what is 3481 + 48010?
51491
In base 2, what is 1001101100000010110101 - -110001?
1001101100000011100110
In base 13, what is 32c - -c9049?
c9378
In base 7, what is 364326351 - 24?
364326324
In base 11, what is -120 + 8a6012?
8a59a2
In base 15, what is 159d8 - 492?
15546
In base 3, what is -2222002222 - 22222?
-2222102221
In base 16, what is -2 + 41cf8fd?
41cf8fb
In base 10, what is 50486270 - 4?
50486266
In base 12, what is 0 - -147284bb?
147284bb
In base 8, what is 7214534 + -263?
7214251
In base 7, what is -14412 - -36604?
22162
In base 7, what is 5 - -4211511245?
4211511253
In base 5, what is -2003400 + -3420?
-2012320
In base 13, what is 14536 - -3c?
14575
In base 6, what is 345125540220 - 0?
345125540220
In base 12, what is -4 + 704a26?
704a22
In base 13, what is 233bab + 149?
234027
In base 5, what is -1040013021302 - 0?
-1040013021302
In base 10, what is -3492791 + 2?
-3492789
In base 12, what is -25841 + -1876?
-274b7
In base 15, what is 5a8 - -415d?
4716
In base 8, what is 1426224 - -14?
1426240
In base 7, what is 4534021055 + -3?
4534021052
In base 3, what is 1000111102 - -220111002?
1220222111
In base 10, what is -2 - -6566515?
6566513
In base 16, what is -5 - -816e3b2?
816e3ad
In base 5, what is -3 + 1001214003?
1001214000
In base 12, what is 1 - 1154811?
-1154810
In base 11, what is 3 - 5017543?
-5017540
In base 13, what is 5b63 + b0?
5c43
In base 2, what is 1100010110110101100 - -11?
1100010110110101111
In base 5, what is 1 + 111134422320?
111134422321
In base 4, what is 32 - 1122120000?
-1122113302
In base 15, what is 82c + 1e8c?
27b9
In base 15, what is -3b1e + c17?
-2e07
In base 13, what is -1c - b259?
-b278
In base 8, what is -62243432 - -5?
-62243425
In base 6, what is -414512325 - 0?
-414512325
In base 3, what is -10 + -2201212100011020?
-2201212100011100
In base 2, what is 10100100100101110111 + 1001?
10100100100110000000
In base 11, what is 14 + -7a13a4?
-7a1390
In base 15, what is -53 - -3d58?
3d05
In base 15, what is -18 - -2dda377?
2dda35e
In base 8, what is -2542026 - -254?
-2541552
In base 2, what is 1 + 110111000000001101010011?
110111000000001101010100
In base 7, what is 14 - 100356530?
-100356513
In base 10, what is -1 - -1443062?
1443061
In base 12, what is 8720 + -30?
86b0
In base 2, what is 1 - -1001101110110101010101?
1001101110110101010110
In base 3, what is -10122211022010 + -12?
-10122211022022
In base 15, what is -be9a - -7?
-be93
In base 12, what is -864a16 - 1?
-864a17
In base 5, what is -3 + 42010331104?
42010331101
In base 9, what is 6438431 + -32?
6438388
In base 5, what is -4202 - -1433224?
1424022
In base 11, what is -49a424 + -552?
-49a976
In base 5, what is -2442 + 102132?
44140
In base 15, what is 3 + -198dec5?
-198dec2
In base 8, what is 40413073 + -5?
40413066
In base 10, what is -5 - 2686342?
-2686347
In base 14, what is 341a + -509d?
-1a83
In base 3, what is -110110201210112011 - 11?
-110110201210112022
In base 13, what is 3 + 89170?
89173
In base 11, what is -92a405 - -30?
-92a385
In base 13, what is -b972b23 - -6?
-b972b1a
In base 16, what is -fc1387f + 1?
-fc1387e
In base 15, what is -5b4194 - 2?
-5b4196
In base 9, what is 35 + -1010651?
-1010615
In base 5, what is 120 - 131?
-11
In base 10, what is 647979 + -3?
647976
In base 11, what is 0 + -8aaa30?
-8aaa30
In base 9, what is 17778617 - 8?
17778608
In base 13, what is 25c + -907?
-678
In base 8, what is 4271741 - -5?
4271746
In base 16, what is b21a1b + b?
b21a26
In base 15, what is 72 - 197dc8?
-197d56
In base 16, what is e + -15aaae?
-15aaa0
In base 3, what is -1210002 + -2121122020?
-2200102022
In base 3, what is 11222020 - 211221012?
-122221222
In base 8, what is -206162 - -2?
-206160
In base 3, what is -221000100220021 + 11101?
-221000100201220
In base 12, what is -1b73973 + -1?
-1b73974
In base 6, what is -245 + 23531510?
23531221
In base 8, what is -4 + -12441705?
-12441711
In base 14, what is -25 + -ba1067?
-ba108c
In base 4, what is -32132130 - 2102?
-32200232
In base 2, what is -11 - -1100011010001111010011?
1100011010001111010000
In base 5, what is 3 - 122213001222?
-122213001214
In base 12, what is -48 + 81a6b?
81a23
In base 9, what is -54 - -10880?
10825
In base 5, what is 1 - -2421230204?
2421230210
In base 7, what is -225 - 30065?
-30323
In base 11, what is -5 - 80014245?
-8001424a
In base 5, what is -102120 - -41422?
-10143
In base 12, what is 165 + -72495b?
-7247b6
In base 4, what is 210310111223 + 123?
210310112012
In base 15, what is -5 - 1c7a577?
-1c7a57c
In base 4, what is -1201233202323 + 12?
-1201233202311
In base 13, what is 5c4 + 57c84?
58578
In base 12, what is 7b67 + -2903b?
-21094
In base 3, what is -11200222021 + -111122?
-11201110220
In base 6, what is -5152031 + 3?
-5152024
In base 4, what is -2 - 3103003110?
-3103003112
In base 2, what is 100110001110110010110010 + -1100?
100110001110110010100110
In base 3, what is -11120202222 + 201012?
-11120001210
In base 9, what is 737615430 - 0?
737615430
In base 10, what is -246 + -21254?
-21500
In base 6, what is -1045135 - -13010?
-1032125
In base 9, what is -53161 + -386?
-53557
In base 13, what is -150805 - -28b?
-150547
In base 4, what is 1021031 - -22113201?
23200232
In base 9, what is -2 - -84810356?
84810354
In base 6, what is 1424 - 52111451?
-52110023
In base 10, what is -34 - 369531?
-369565
In base 9, what is 14537263 - 4?
14537258
In base 15, what is -17e22 - -226?
-17beb
In base 2, what is 10110000010011100110 - -1011?
10110000010011110001
In base 10, what is -11859 - 235?
-12094
In base 2, what is -111101111100111110 - 1000?
-111101111101000110
In base 10, what is -316 + 35644?
35328
In base 3, what is -200222121121021 + 22?
-200222121120222
In base 5, what is 1024 + 2141243?
2142322
In base 8, what is -255 - -27146?
26671
In base 16, what is -96 + 2a20c?
2a176
In base 6, what is -4 + -30525321502?
-30525321510
In base 3, what is 102222120111 + -102101?
102222011010
In base 5, what is -2021042324 + 0?
-2021042324
In base 10, what is 9 + -89840?
-89831
In base 13, what is 2b53b91 - 4?
2b53b8a
In base 13, what is -52 + -a629?
-a67b
In base 12, what is 306 + 14178?
14482
In base 5, what is -30 + -1012314403?
-1012314433
In base 14, what is -2 - -222b622?
222b620
In base 16, what is -15e3a - -240?
-15bfa
In base 2, what is 101 + -11101100101001100100100?
-11101100101001100011111
In base 12, what is 42746b + 0?
42746b
In base 4, what is -200123301 - 110123?
-200300030
In base 6, what is 0 - 21552540?
-21552540
In base 4, what is 12212 + -20020300?
-20002022
In base 4, what is -2011011120 + 12?
-2011011102
In base 4, what is -11 - -12123232013?
12123232002
In base 10, what is -22417 + -1648?
-24065
In base 3, what is -102222 + 110101021221?
110100211222
In base 4, what is 3 - 112201110233?
-112201110230
In base 2, what is -1001 - 1100010010111001000111?
-1100010010111001010000
In base 11, what is 2 - 1329a612?
-1329a610
In base 15, what is -12 + -29d73a?
-29d74c
In base 5, what is 2 - 11124140022?
-11124140020
In base 14, what is 7 - -a2898?
a28a1
In base 7, what is -6 + -12236664?
-12240003
In base 15, what is 455 + 1984?
1dd9
In base 2, what is -110100111010000110001 + 10011100?
-110100111001110010101
In base 9, what is 156 + -188645?
-188478
In base 5, what is 30 + -11434302?
-11434222
In base 4, what is -1113 - 2130332031?
-2130333210
In base 10, what is 58 + -54035?
-539